{"id":76,"date":"2024-05-06T14:05:36","date_gmt":"2024-05-06T12:05:36","guid":{"rendered":"https:\/\/k-plus.pl\/new\/?page_id=76"},"modified":"2026-02-20T16:24:23","modified_gmt":"2026-02-20T15:24:23","slug":"prefabrykaty","status":"publish","type":"page","link":"https:\/\/k-plus.pl\/new\/prefabrykaty\/","title":{"rendered":"Prefabrykaty"},"content":{"rendered":"<p>[et_pb_section fb_built=&#8221;1&#8243; custom_padding_last_edited=&#8221;on|phone&#8221; admin_label=&#8221;Info&#8221; _builder_version=&#8221;4.16&#8243; _module_preset=&#8221;default&#8221; use_background_color_gradient=&#8221;on&#8221; background_color_gradient_direction=&#8221;140deg&#8221; background_color_gradient_stops=&#8221;#ffdcd5 0%|#85c3e0 60%&#8221; background_color_gradient_start=&#8221;#ffdcd5&#8243; background_color_gradient_end=&#8221;#85c3e0&#8243; background_color_gradient_end_position=&#8221;60%&#8221; background_image=&#8221;https:\/\/k-plus.pl\/new\/wp-content\/uploads\/2024\/04\/engineering-firm-46.png&#8221; background_size=&#8221;initial&#8221; background_position=&#8221;top_center&#8221; custom_margin=&#8221;||||false|false&#8221; custom_padding=&#8221;96px||||false|false&#8221; custom_padding_tablet=&#8221;&#8221; custom_padding_phone=&#8221;40px||||false|false&#8221; locked=&#8221;off&#8221; global_colors_info=&#8221;{}&#8221;][et_pb_row _builder_version=&#8221;4.16&#8243; _module_preset=&#8221;default&#8221; global_colors_info=&#8221;{}&#8221;][et_pb_column type=&#8221;4_4&#8243; _builder_version=&#8221;4.16&#8243; _module_preset=&#8221;default&#8221; global_colors_info=&#8221;{}&#8221;][et_pb_text _builder_version=&#8221;4.24.3&#8243; _module_preset=&#8221;370cf134-a811-4d7c-90e9-083991f25ee4&#8243; header_font=&#8221;|700|||||||&#8221; header_text_color=&#8221;#000000&#8243; header_font_size=&#8221;29px&#8221; header_letter_spacing=&#8221;1px&#8221; header_line_height=&#8221;1.1em&#8221; header_font_size_tablet=&#8221;36px&#8221; header_font_size_phone=&#8221;22px&#8221; header_font_size_last_edited=&#8221;on|phone&#8221; locked=&#8221;off&#8221; global_colors_info=&#8221;{}&#8221;]<\/p>\n<h1>Prefabrykaty<\/h1>\n<p>[\/et_pb_text][\/et_pb_column][\/et_pb_row][et_pb_row column_structure=&#8221;1_2,1_2&#8243; use_custom_gutter=&#8221;on&#8221; gutter_width=&#8221;1&#8243; make_equal=&#8221;on&#8221; _builder_version=&#8221;4.24.3&#8243; _module_preset=&#8221;default&#8221; width_tablet=&#8221;100%&#8221; width_phone=&#8221;&#8221; width_last_edited=&#8221;on|tablet&#8221; max_width=&#8221;none&#8221; custom_margin=&#8221;-2px|auto||auto|false|false&#8221; custom_margin_tablet=&#8221;0px||||false|false&#8221; custom_margin_phone=&#8221;&#8221; custom_margin_last_edited=&#8221;on|tablet&#8221; global_colors_info=&#8221;{}&#8221;][et_pb_column type=&#8221;1_2&#8243; _builder_version=&#8221;4.16&#8243; _module_preset=&#8221;default&#8221; global_colors_info=&#8221;{}&#8221;][et_pb_image src=&#8221;https:\/\/k-plus.pl\/new\/wp-content\/uploads\/2024\/10\/20200214_114543-1024&#215;768.jpg&#8221; title_text=&#8221;20200214_114543&#8243; _builder_version=&#8221;4.24.3&#8243; _module_preset=&#8221;default&#8221; custom_margin=&#8221;||18px|||&#8221; custom_padding=&#8221;|14px||||&#8221; hover_enabled=&#8221;0&#8243; global_colors_info=&#8221;{}&#8221; max_width=&#8221;50%&#8221; module_alignment=&#8221;right&#8221; sticky_enabled=&#8221;0&#8243;][\/et_pb_image][et_pb_image src=&#8221;https:\/\/k-plus.pl\/new\/wp-content\/uploads\/2024\/10\/20200325_132837_resized.jpg&#8221; title_text=&#8221;20200325_132837_resized&#8221; _builder_version=&#8221;4.24.3&#8243; _module_preset=&#8221;default&#8221; custom_padding=&#8221;|14px||||&#8221; hover_enabled=&#8221;0&#8243; global_colors_info=&#8221;{}&#8221; max_width=&#8221;50%&#8221; module_alignment=&#8221;right&#8221; sticky_enabled=&#8221;0&#8243;][\/et_pb_image][et_pb_image src=&#8221;https:\/\/k-plus.pl\/new\/wp-content\/uploads\/2024\/05\/engineering-firm-60.jpg&#8221; title_text=&#8221;engineering-firm-60&#8243; _builder_version=&#8221;4.24.3&#8243; _module_preset=&#8221;default&#8221; custom_padding=&#8221;24px|14px||||&#8221; hover_enabled=&#8221;0&#8243; global_colors_info=&#8221;{}&#8221; max_width=&#8221;50%&#8221; module_alignment=&#8221;right&#8221; sticky_enabled=&#8221;0&#8243;][\/et_pb_image][\/et_pb_column][et_pb_column type=&#8221;1_2&#8243; _builder_version=&#8221;4.24.3&#8243; _module_preset=&#8221;default&#8221; background_color=&#8221;#0091ba&#8221; transform_scale_last_edited=&#8221;off|desktop&#8221; transform_translate_tablet=&#8221;0px|0px&#8221; transform_translate_last_edited=&#8221;off|desktop&#8221; transform_translate_linked=&#8221;off&#8221; transform_rotate_last_edited=&#8221;off|desktop&#8221; transform_skew_last_edited=&#8221;off|desktop&#8221; transform_origin_last_edited=&#8221;off|desktop&#8221; transform_styles_last_edited=&#8221;off|desktop&#8221; custom_padding=&#8221;60px|30px|40px|30px|false|true&#8221; custom_padding_tablet=&#8221;&#8221; custom_padding_phone=&#8221;20px|20px|20px|20px|true|true&#8221; custom_padding_last_edited=&#8221;on|phone&#8221; box_shadow_style=&#8221;preset3&#8243; box_shadow_vertical=&#8221;64px&#8221; box_shadow_blur=&#8221;72px&#8221; box_shadow_spread=&#8221;-16px&#8221; box_shadow_color=&#8221;rgba(0,69,255,0.4)&#8221; global_colors_info=&#8221;{}&#8221;][et_pb_text _builder_version=&#8221;4.24.3&#8243; _module_preset=&#8221;default&#8221; text_line_height=&#8221;2em&#8221; background_layout=&#8221;dark&#8221; custom_margin=&#8221;||40px||false|false&#8221; global_colors_info=&#8221;{}&#8221;]<\/p>\n<p class=\"p1\">Tworzymy projekty prefabrykacji \u017celbetowej, kt\u00f3re wspieraj\u0105 rozw\u00f3j nowoczesnego budownictwa. Od lat wsp\u00f3\u0142pracujemy z cenionymi firmami w Polsce, dostarczaj\u0105c rozwi\u0105zania, kt\u00f3re \u0142\u0105cz\u0105 technologi\u0119 z efektywno\u015bci\u0105. Gotowe elementy konstrukcyjne, takie jak p\u0142yty czy stropy, pozwalaj\u0105 skr\u00f3ci\u0107 czas budowy i zwi\u0119kszy\u0107 jako\u015b\u0107 realizacji. Jeste\u015bmy otwarci na wsp\u00f3\u0142prac\u0119 mi\u0119dzynarodow\u0105 \u2013 razem mo\u017cemy wi\u0119cej.<\/p>\n<p class=\"p1\">\n<p class=\"p1\">Celem potwierdzenia do\u015bwiadczenia przestawiamy list\u0119 sporz\u0105dzonych projekt\u00f3w wykonawczych:<br \/>Amazon \u015awiebodzin, Wedel Warszawa, Adamed Pabianice, Samsung Wronki, Selgros Gliwice, Baza Lotnicza w Powidzu, Hala Koszalin, Hala Mondi Krapkowice, MPK Helen\u00f3wek, Falesia Konstantyn\u00f3w \u0141\u00f3dzki, DSV Bratys\u0142awa, SK Nexilis Stalowa Wola, Agrocomplex Kazeina, Izamot I\u0142\u017ca, Polting Gliwce, Kornix \u017b\u0142obnica, Hala Myszk\u00f3w, Hala Ecowood Cz\u0119stochowa, Hale Sienkiewicz, Newcold Nowy Modlin, Park handlowy w Olsztynie, Galeria Handlowa Skawina, Nowostal Hala, Bricomarche Gogolin, Fortress Bydgoszcz, Lidl Cz\u0119stochowa, ME Sierpc, Galeria \u0141om\u017ca, SGGW, Biedronka Kadet\u00f3w, PH Ropczyce, Urbanbox, Oborniki Aura Park, Inter Europol Marki, Agata Meble w Olsztynie, Brenntag, Fabryka Mebli Rawa Mazowiecka, Auro Zabrze, Centrum Sportu UG Gda\u0144sk, Urbanbox Gliwice i wiele innych.<\/p>\n<p>[\/et_pb_text][\/et_pb_column][\/et_pb_row][\/et_pb_section][et_pb_section fb_built=&#8221;1&#8243; admin_label=&#8221;Footer&#8221; _builder_version=&#8221;4.16&#8243; _module_preset=&#8221;default&#8221; background_color=&#8221;#000000&#8243; background_image=&#8221;https:\/\/k-plus.pl\/new\/wp-content\/uploads\/2024\/04\/engineering-firm-52.png&#8221; background_size=&#8221;initial&#8221; custom_padding=&#8221;3px|||||&#8221; global_module=&#8221;94&#8243; saved_tabs=&#8221;all&#8221; global_colors_info=&#8221;{}&#8221;][et_pb_row column_structure=&#8221;1_4,1_4,1_4,1_4&#8243; _builder_version=&#8221;4.24.3&#8243; _module_preset=&#8221;default&#8221; custom_padding=&#8221;|0px||||&#8221; global_colors_info=&#8221;{}&#8221;][et_pb_column type=&#8221;1_4&#8243; _builder_version=&#8221;4.16&#8243; _module_preset=&#8221;default&#8221; global_colors_info=&#8221;{}&#8221;][et_pb_text _builder_version=&#8221;4.24.3&#8243; _module_preset=&#8221;default&#8221; text_text_color=&#8221;rgba(239,239,239,0.97)&#8221; text_font_size=&#8221;16px&#8221; custom_margin=&#8221;64px||||false|false&#8221; global_colors_info=&#8221;{}&#8221;]<\/p>\n<p style=\"text-align: center;\"><strong>K-PLUS<\/strong>\u00a0Biuro Projektowe<\/p>\n<p style=\"text-align: center;\">ul. Wielostronna 39<br \/>04-856 Warszawa<\/p>\n<p>[\/et_pb_text][\/et_pb_column][et_pb_column type=&#8221;1_4&#8243; _builder_version=&#8221;4.16&#8243; _module_preset=&#8221;default&#8221; global_colors_info=&#8221;{}&#8221;][et_pb_text _builder_version=&#8221;4.24.3&#8243; _module_preset=&#8221;default&#8221; text_text_color=&#8221;rgba(239,239,239,0.97)&#8221; custom_margin=&#8221;50px||||false|false&#8221; global_colors_info=&#8221;{}&#8221;]<\/p>\n<p style=\"text-align: center;\"><strong>Bran\u017ca konstrukcyjna<\/strong><br \/>___________________________<br \/><span>mgr in\u017c. Tomasz Osiniak<\/span><br \/><span>tel. 535-555-966<\/span><br \/><span>e-mail: kontakt@k-plus.pl<\/span><\/p>\n<p>[\/et_pb_text][\/et_pb_column][et_pb_column type=&#8221;1_4&#8243; _builder_version=&#8221;4.16&#8243; _module_preset=&#8221;default&#8221; global_colors_info=&#8221;{}&#8221;][et_pb_text _builder_version=&#8221;4.24.3&#8243; _module_preset=&#8221;default&#8221; text_text_color=&#8221;rgba(239,239,239,0.97)&#8221; custom_margin=&#8221;50px|||-9px|false|false&#8221; global_colors_info=&#8221;{}&#8221;]<\/p>\n<p style=\"text-align: center;\"><strong>Bran\u017ca sanitarna<br \/><\/strong>____________________________<br \/><span>mgr in\u017c. Jacek Osiniak<\/span><br \/><span>tel. 507-019-311<\/span><br \/><span>e-mail: jacek_osiniak@o2.pl<\/span><\/p>\n<p>[\/et_pb_text][\/et_pb_column][et_pb_column type=&#8221;1_4&#8243; _builder_version=&#8221;4.16&#8243; _module_preset=&#8221;default&#8221; global_colors_info=&#8221;{}&#8221;][et_pb_text _builder_version=&#8221;4.24.3&#8243; _module_preset=&#8221;default&#8221; text_text_color=&#8221;rgba(239,239,239,0.97)&#8221; custom_margin=&#8221;50px|||-18px|false|false&#8221; global_colors_info=&#8221;{}&#8221;]<\/p>\n<p style=\"text-align: center;\"><strong>Project Coordinator<br \/><\/strong>___________________________<br \/><span>in\u017c. Barry Mulkerns<\/span><br \/><span>tel. 798-620-671<\/span><br \/><span>e-mail: barry.mulkerns@gmail.com<\/span><\/p>\n<p>[\/et_pb_text][\/et_pb_column][\/et_pb_row][\/et_pb_section]<\/p>\n","protected":false},"excerpt":{"rendered":"<p>PrefabrykatyTworzymy projekty prefabrykacji \u017celbetowej, kt\u00f3re wspieraj\u0105 rozw\u00f3j nowoczesnego budownictwa. Od lat wsp\u00f3\u0142pracujemy z cenionymi firmami w Polsce, dostarczaj\u0105c rozwi\u0105zania, kt\u00f3re \u0142\u0105cz\u0105 technologi\u0119 z efektywno\u015bci\u0105. Gotowe elementy konstrukcyjne, takie jak p\u0142yty czy stropy, pozwalaj\u0105 skr\u00f3ci\u0107 czas budowy i zwi\u0119kszy\u0107 jako\u015b\u0107 realizacji. Jeste\u015bmy otwarci na wsp\u00f3\u0142prac\u0119 mi\u0119dzynarodow\u0105 \u2013 razem mo\u017cemy wi\u0119cej. Celem potwierdzenia do\u015bwiadczenia przestawiamy list\u0119 sporz\u0105dzonych [&hellip;]<\/p>\n","protected":false},"author":1,"featured_media":0,"parent":0,"menu_order":0,"comment_status":"closed","ping_status":"closed","template":"","meta":{"_et_pb_use_builder":"on","_et_pb_old_content":"","_et_gb_content_width":"","inline_featured_image":false,"footnotes":""},"class_list":["post-76","page","type-page","status-publish","hentry"],"_links":{"self":[{"href":"https:\/\/k-plus.pl\/new\/wp-json\/wp\/v2\/pages\/76","targetHints":{"allow":["GET"]}}],"collection":[{"href":"https:\/\/k-plus.pl\/new\/wp-json\/wp\/v2\/pages"}],"about":[{"href":"https:\/\/k-plus.pl\/new\/wp-json\/wp\/v2\/types\/page"}],"author":[{"embeddable":true,"href":"https:\/\/k-plus.pl\/new\/wp-json\/wp\/v2\/users\/1"}],"replies":[{"embeddable":true,"href":"https:\/\/k-plus.pl\/new\/wp-json\/wp\/v2\/comments?post=76"}],"version-history":[{"count":0,"href":"https:\/\/k-plus.pl\/new\/wp-json\/wp\/v2\/pages\/76\/revisions"}],"wp:attachment":[{"href":"https:\/\/k-plus.pl\/new\/wp-json\/wp\/v2\/media?parent=76"}],"curies":[{"name":"wp","href":"https:\/\/api.w.org\/{rel}","templated":true}]}}